t of b?
8
Let b be (-2)/((-5)/(45/6)). Suppose -v - 5 = -3. What is the units digit of (-4 - b)/(v + 1)?
7
Suppose 5*t = -2*g - 0*t + 16, 0 = -5*g - 2*t - 2. Let v = -2 - g. Suppose 0*o + 3*o - 30 = v. What is the units digit of o?
0
Suppose 4*y + 10 = 5*y. Let v = y + 6. What is the tens digit of v?
1
Suppose -4*o + 202 = 42. What is the units digit of o?
0
Let u be 2/3 + 12/9. Suppose k - 10 = -2*l + u, 0 = 2*k + l - 9. What is the units digit of k?
2
Let u(o) = 4*o + 1. Let g(c) = c - 9. Let l be g(10). What is the units digit of u(l)?
5
Let d = 16 + 56. What is the tens digit of d?
7
Let w(a) = -a**3 - 5*a**2 - 5*a - 22. What is the tens digit of w(-7)?
1
Suppose t - 5*g - 44 = -2*t, 3*g = -5*t + 28. Suppose -1 = 2*w - r, w + 3*w + 2*r = -22. Let o = w + t. What is the units digit of o?
5
Suppose 0*b = 3*b. Suppose 99 = 2*x + x + w, 4*w = b. What is the tens digit of x?
3
Let r(o) = -24*o - 15. What is the units digit of r(-3)?
7
What is the tens digit of 38/(-95)*(-1370)/(0 + 2)?
7
Let n(o) = -o**2 + 4*o. What is the units digit of n(2)?
4
Suppose f - 6 = -2*f. Let l(m) = 7*m - 3. What is the tens digit of l(f)?
1
Let g(j) = j + 9. Let i be g(-7). Let a be (9 - i - -1)/(-1). Let b = -4 - a. What is the units digit of b?
4
Suppose -4*g + 0*y = 2*y - 440, -4*y = 3*g - 330. What is the hundreds digit of g?
1
Suppose -4*z + 7 + 13 = 0. Let l(d) = d**3 - 5*d**2 + 4*d + 1. What is the units digit of l(z)?
1
Let i be -10*(-3)/6*1. Suppose s + 27 = -23. What is the units digit of s/(-4) + i/10?
3
Suppose -5*f = 4*w - 113 - 52, -2*w - 99 = -3*f. Let m(a) = 5*a - 8. Let h be m(4). Let n = f - h. What is the units digit of n?
1
Suppose 3*a - 4*d - 179 = 0, -4*d + 3*d + 184 = 3*a. What is the units digit of a?
1
Suppose 8*z - 6*z = 18. What is the units digit of z?
9
Let q be -2 - (-4 + 2 + 0). Suppose -8 = -f - f, 2*o + 4*f - 22 = q. What is the units digit of o?
3
Suppose 13 = -4*h + b, 2*h = -3*h - 2*b. Let w be h + 1 - -12 - -2. Suppose w + 23 = 4*f. What is the units digit of f?
9
Let v(g) = g**2 - g + 3. Let a be (1 + -1)/(-3 + 2). Let r = 0 - a. What is the units digit of v(r)?
3
Suppose -b + 59 = 16. Suppose 11 = -2*j + b. What is the tens digit of j?
1
Let g(h) = h**2 - 6*h + 2. Let k be g(6). Suppose -40 = -3*o - k*o. What is the units digit of o?
8
Suppose 0 = -2*r - 3*r. Let m be 1/(-3)*r*-1. Let g = m - -10. What is the units digit of g?
0
Let q(j) = 2*j**2 - 9*j. Let l be q(6). Let u be (-12)/l*18/(-4). Suppose -3*x - b + 10 = 0, -b + 4*b + 30 = u*x. What is the units digit of x?
5
Let v(i) = -i**2 - i - 9. Let s be v(0). Let k = s + 19. What is the tens digit of k?
1
Let h(r) = r**2 - r + 3. Let p be h(7). Let n = -5 + 12. Suppose -3*v + n = c, -2*v + p = 4*c - 7*v. What is the units digit of c?
0
Let l(u) = -6*u + 12. What is the tens digit of l(-5)?
4
Let g(n) be the second derivative of 0 - n**2 + 2/3*n**4 + n**3 + 1/20*n**5 + 3*n. What is the units digit of g(-7)?
5
Let m be (-5 - -2)*2/(-2). Suppose 0*r + 6 = m*r. Suppose 2*y = -l + 14, y - r*l + 6*l = 0. What is the units digit of y?
8
Let z be (2/(-3))/((-1)/15). Suppose -6*f + 4*f + 8 = 0. Suppose f*d - 58 + z = 0. What is the units digit of d?
2
Let k = 2 + 1. Suppose 0*d + k*d = 12. Suppose -a - 14 = -2*a + 2*i, d*a - 41 = 5*i. What is the units digit of a?
4
Suppose 16 = -2*z + 6. Let x(w) = -w**3 - 4*w**2 + 2*w - 1. Let f be x(-5). Let p = z + f. What is the units digit of p?
9
Let b = -9 + 41. What is the tens digit of b?
3
Let m(u) = -u**3 + 18*u**2 + 16*u - 38. What is the hundreds digit of m(18)?
2
What is the tens digit of (-28*(-15)/6)/2?
3
Let y(o) = 4*o + 10. Let g(m) = m. Let x(v) = -5*g(v) + y(v). Let h be x(7). Suppose p + h*p - 24 = 0. What is the units digit of p?
6
Let m(h) = 2*h - 15. Let c be m(10). Suppose c*l + 2*v = 36, 3*l - 3*v = -l + 38. What is the units digit of l?
8
Let n(l) = 5*l**2 + l + 2. What is the tens digit of n(-3)?
4
Let u = -108 - -254. What is the units digit of u?
6
Let b = 1 - -5. Let w = b + -3. Suppose -o + w = -0*o. What is the units digit of o?
3
Let v(w) = w - 6. Let j be v(8). Suppose -j*k - 2*k = -16. What is the units digit of k?
4
Suppose 0*i + 110 = 5*i. What is the tens digit of i?
2
Let k(z) = z + 21. What is the units digit of k(15)?
6
Let w = 95 + -9. What is the tens digit of w?
8
Suppose 0 = c - 49 - 13. Let f = -44 + c. What is the tens digit of f?
1
Let b be 1 - (3 + (-20 - 3)). Suppose b = -2*y + 3. What is the units digit of (-4)/(-6)*3 - y?
1
Suppose 3*y - 5*r - 47 = 2*y, 3*y - 2*r = 102. What is the tens digit of y?
3
Suppose 0 = 4*s - 81 - 35. Suppose 0*l = -5*l + 5*c + 45, -s = -3*l + 2*c. What is the tens digit of l?
1
Suppose -4*r - 3*w + 187 = 0, 5*r - 2*w - 145 - 106 = 0. What is the units digit of r?
9
Let f(d) = d**3 + 5*d**2 - 5*d + 6. Let j be f(-6). Let b = 16 + j. What is the tens digit of b?
1
Suppose -3*b + 101 = 5*u + b, 4*u + 3*b = 80. What is the tens digit of u?
1
Suppose -4 - 65 = -3*u. Let r(i) = i**3 + i**2 - i. Let v be r(-3). Let h = u + v. What is the units digit of h?
8
Let t = -37 + 25. What is the tens digit of ((-4)/t)/(1/69)?
2
Suppose 3 - 13 = -5*j, 4*w = 3*j + 42. What is the tens digit of w?
1
Let r be -1 + 4 + -6 - 31. What is the units digit of 2/(-3) - r/6?
5
Suppose -3*i + 75 = -0*i. Suppose i = 5*n - 7*h + 2*h, 4*n - 3*h = 23. What is the units digit of n?
8
Let t(q) = -q**3 - 6*q**2 - 4*q + 5. Let p be t(-5). Let i = p + 2. Suppose 0 = c - 9 + i. What is the units digit of c?
7
Suppose 0 = h - 32 + 8. What is the units digit of h?
4
Let d(k) = -k**2 - 8*k - 8. What is the units digit of d(-6)?
4
Let m(g) = -g**3 + 13*g**2 + g - 16 + 7*g - 6*g. What is the tens digit of m(13)?
1
Let t = 19 + -17. What is the units digit of t?
2
Let v(g) = g**3 - 2*g - 14. Let i be v(0). Let z = 25 + i. What is the units digit of z?
1
What is the units digit of 510/(-12)*4/(-5)?
4
Let c(y) = -y + 7. Suppose -g + 2*w + 98 = 2*g, 5*w = -20. Suppose 4*u + u - g = 0. What is the units digit of c(u)?
1
Let j(l) = 3*l + 1. Let y(h) = h**2 - 3*h - 3. Let n be y(4). Let s be j(n). Let t = -2 + s. What is the units digit of t?
2
Suppose 3*n + 22 = -5*c + 357, 0 = -2*n - 3*c + 225. Suppose 48 + n = 4*r. What is the units digit of (-1)/(-2) + r/12?
4
What is the hundreds digit of (3*(-24)/(-27))/(3/144)?
1
Let b be (1*-8)/(-4 + 5). Let x = b + 12. What is the units digit of 10/4*x - -2?
2
Suppose -q + 22 + 141 = 0. What is the tens digit of q?
6
Let m(y) = 5 - 3*y + 5 - 11. Let x be m(-7). Suppose x = 3*u + u. What is the units digit of u?
5
Let d(x) = 41*x**2 - 2. What is the tens digit of d(2)?
6
Suppose -2*p + 2*s + 318 = 0, 3*p - 5*s = 2*p + 163. What is the tens digit of p?
5
Let z(g) = -g**2 + 12*g + 3. Suppose -15*m = -20*m + 45. What is the units digit of z(m)?
0
What is the tens digit of 100/(-30)*126/(-15)?
2
Suppose 859 = 7*m + 110. What is the tens digit of m?
0
Suppose -5*w = -w - 116. What is the units digit of w?
9
Let s be (-7)/7 + -9 + 1. Let p = s + 28. What is the units digit of p?
9
Let u = -9 - -14. Suppose 69 = u*y - 81. What is the tens digit of y?
3
Let m = -5 + 17. Let r be (-2 + -1)/(3/(-2)). Suppose 2*x - m = -4*c - 0, r*c - 18 = 5*x. What is the units digit of c?
4
Suppose -3*r + 0 + 3 = 0. What is the tens digit of r/(-2)*(-38 - 0)?
1
Let h(y) = -y - 5. Let g be h(6). Let o = -8 - g. Suppose -o*b - b = -20. What is the units digit of b?
5
Let r(o) = -o + 2. Let s(a) = 2*a - 5. Let z(l) = 5*r(l) + 2*s(l). Let f be z(-6). What is the units digit of (f/(-7))/((-2)/14)?
6
Let k(h) = 6*h**3 + 6*h**2 - 9 - 3*h - 4*h**3 - h**3. Suppose 30 = -5*f - 3*z, 5*z - 30 = 4*f + f. What is the units digit of k(f)?
9
Suppose f = -0 + 2. Suppose -2*i + 30 = j - 3*i, -f = -i. What is the units digit of j?
2
Let m(c) be the second derivative of 5*c**3/6 + c**2 - c. What is the tens digit of m(2)?
1
Let p(u) = u. Let g be p(3). Suppose 31 = 2*b + l - g, 15 = b + l. What is the units digit of b?
9
Let r(u) = -2*u - 2. Let j be r(-2). Suppose 7*t = j*t + 90. What is the units digit of t?
8
Suppose -z + 0*z + 11 = 4*s, 3*z - s + 6 = 0. Let b be (z - 1) + 2*2. Suppose 0 + 12 = 2*h - b*v, -2*v - 6 = h. What is the units digit of h?
2
Let z = 25 + -12. Let k = z + 2. What is the tens digit of k?
1
Le